 - (25 - -18)
-35
What is 79 - -15 - (93 + -54)?
55
Evaluate (2 - 23) + (-2293 - -2262).
-52
What is -4 + 162 + -6 - 26 - (1 + 16)?
109
42 - (-18 - -21 - 64 - -12)
91
What is 81 + 1 + -184 + 166 + (-1 - 1) + -11?
51
What is the value of (76 - ((3 - 41) + 0)) + -48?
66
-25 + -103 + 118 - (1 - -1)
-12
What is -2 - (11 - (-14 + 40 + -10 + -4)) - 97?
-98
What is the value of -9 - (21 - 0 - 16) - -76 - -3?
65
What is (1 - -20) + (-1692 - -1636)?
-35
What is -361 + 330 + 3 + 75?
47
38 - 1 - (152 + -178 - 32)
95
What is the value of -114 - -8 - (320 - 359)?
-67
What is -110 - -117 - (-9 - 5) - -56?
77
What is the value of 9 + 3 - (4 - (-11 - -28) - -25) - 78?
-78
What is the value of 14 + -2 + (29 - ((-35 - -14) + 137))?
-75
Evaluate (11 - (-13 - -10)) + (-48 - -26).
-8
Evaluate 56 + -73 + (9 - -3) - (-1 + -21).
17
Evaluate 81 - (-3 + 0 - (4 - 9) - (-201 - -197)).
75
48 + -3 + 0 - ((26 - 13) + -8 + -4)
44
What is (0 - 14) + -3485 + 3533?
34
Evaluate 6 + -13 + 15 + (-4 - 23).
-19
Evaluate (0 + 18 - 0) + -3 + -22 + -86.
-93
What is -18 - ((-24 - -46) + -4 + -11 + -75)?
50
-8933 + 8941 + -2 + -106
-100
What is the value of (-3 - (0 + 1) - (-24019 - -24008)) + -7 + 0?
0
What is 12 + (16 - 27) + -7 + -1 + 6?
-1
Calculate 9 + (-17 - -2) - (7 + -8 - -6).
-11
What is the value of (-4 + 26 - -21) + 15 + 5 + 6?
69
What is -6 + 6 + 1 + (-48 - -14)?
-33
19 - -1 - (887 + -900 - (1 + -14 - 1))
19
What is -6 - (-39 - 2 - (-66 + 69)) - (6 + -17)?
49
Calculate (4 - 44 - 54) + 3.
-91
Calculate (-106 - 3) + (-5166 - -5250).
-25
3 - (-14 + 6 + 28 + (18 - 41))
6
(9 - ((16 - (6 + 4)) + -45)) + (15 - 10)
53
What is (13 - (-23 - -33)) + -13 - -10?
0
Evaluate (-1 - 62) + 2 + (-36 - (43 - 75)).
-65
Calculate (-2 - -22) + (-39 - 18) - -20.
-17
What is 6 + 2 + (35 + -258 - -175)?
-40
What is the value of -140 - (-83 - -64) - -1?
-120
What is -8 + 73 + -44 - 32?
-11
Evaluate 27 + (-22 - -8 - -6 - (-7 + -2 - -6)).
22
-59 + (-80 - -17 - -170)
48
What is the value of (-1223 - -1180) + (21 - 0)?
-22
Evaluate -54 - (32 - 58 - (-3 + -3)).
-34
Evaluate -56 + 70 - (1 + (8 + -6 - -3) - 61).
69
Calculate (27 - (-4 - -4)) + 45 + -1.
71
Calculate 54 + 43 + -45 + -108.
-56
What is (-2 + 8 - (40 - (100 - 41))) + -6?
19
Calculate -28 + (-62 + 72 - (3 + (1 - -4))).
-26
What is the value of -13 - (77 - (-25 + 138))?
23
What is (9 - 27 - -20) + -20 - 23?
-41
Evaluate (19 - 35 - (3 + -7)) + -19 + 9.
-22
What is 198 + -229 + (-2 - -2) + 3 + -3?
-31
3 + (25 - (-10 + -99 + (59 - 56)))
134
What is the value of -19 - (-5 + 1 - (-31 - (17 - 21)))?
-42
What is the value of -28 + 29 - (-8 - 6) - -32?
47
Evaluate -8 - (22 - ((19 - 6) + -12 + -2)).
-31
(-19 - -22) + -18 - -23 - (-4 - (2 + -4))
10
(21 + -16 - (6 - -45)) + 5 + 1
-40
What is the value of -24 - ((16 - 12) + (0 - -4 - 15))?
-17
What is 0 + -27 + (2 + -1 - 6) + -819 + 817?
-34
Evaluate 5 - (-2 + 35 + (280 - 276)).
-32
What is -4 - 9 - -15 - 13 - (-13 - -8)?
-6
What is the value of -24 - 84 - (8 + -4 + -9 - (7 + -2))?
-98
What is the value of -7 - ((-104 - -67) + (17 - -43))?
-30
Evaluate -41 + 0 - (-76 + 153 + -46).
-72
-47 + (3 - 9) + -4 + 5 + -6
-58
What is the value of (-7 - -13) + (-8 - 3) + -36 + 37 - 77?
-81
12 + 72 + -40 + 22 + -15
51
What is (-4 - 6 - 2 - -3) + -19 + (15 - 112)?
-125
Evaluate (5 - 1) + (-24 - -1) + -12 + -9.
-40
What is -4 + (3 - 17) + (-16 - -69)?
35
What is 103 - (-677 + 641 + 0 + 26)?
113
97 + (197 - 310) - ((0 - 2) + -59)
45
What is (341 - 393) + (5 - 16 - 0)?
-63
((6 - 59) + -21 - -3) + 21
-50
What is (-8875 - -8873) + 2 + 0 + -2 + -2 + 10?
6
Calculate (-189 - -46) + 131 + 146.
134
Calculate 84 - -1 - (-107 + -154 + 270).
76
What is (10 - (-17 + -21 + 54)) + (-3 - -2) + 29?
22
-40 + (23 - 5) + -11 + 72
39
What is (18 - (-3 - -1)) + (28 - (-55 + 75))?
28
(-3 - -21 - (-1 + 35) - 68) + 2
-82
What is -37 - (1 - -1 - (561 - 584))?
-62
Calculate -49 - -14 - (137 + -169).
-3
(26 - 11) + 81 + -63 - (-1 + -5)
39
Calculate (-7 - (-21 + 43)) + -7 - -12.
-24
What is -47365 + 47380 + ((1 - 0) + -2 - -45)?
59
Calculate -16 - (63 - 69) - (0 + -14).
4
What is the value of 8 + -4 + 1 + (-5 - -3 - 9)?
-6
What is the value of 2 + -1 + 15 + 40 + -11 + 1?
46
What is (10 - ((-1 - 11) + (-222 - -232))) + -12?
0
What is -9 - (6 - 12) - (1 - 2) - (126 + -5)?
-123
What is the value of 6 + (8 - 30 - 3) + 27?
8
What is the value of -2 + 118 - (-80 + (-166 - -216))?
146
14 - (-4 - 9 - -21 - (1 - -9)) - 3
13
Calculate -13 - ((-79 - -74) + 55).
-63
What is the value of -103 - ((10 - (39 - 27)) + -33)?
-68
Calculate 41 - (5 - -39) - 37.
-40
-3 + -3 + -7 - (-335 - -273)
49
Calculate 4 - (55 - (157 + -102) - (0 + 1 - 48)).
-43
What is the value of -1 + -6 - 0 - -1 - ((-55 - -85) + -33)?
-3
Calculate -3 + (-1 - 0) + (-7 + 57 + -45 - -12).
13
What is the value of -3 + -2 - -6 - (19 + -6 - (-1 + 12))?
-1
Evaluate -2 - 6 - ((12 - (2 + -29)) + -40).
-7
What is 13 - ((6 - -28 - 75) + (-9 + -2 - 0))?
65
Evaluate -93 + (1 - 0) + 77 + -137 + 65.
-87
-52 + (-19 - -16) + 36
-19
What is 0 + -18 + -60 + 86 - (-13 - 1)?
22
What is 6 + (-121 - (4 + 3 + -3 + (194 - 187)))?
-126
What is the value of -15 + 23 - ((9 - 23) + 16)?
6
12 + 0 + -3 + 21 + -66 + 41 + 28
33
What is 36 - (138 + -50) - -57?
5
What is the value of -76 + -1 + -28 + -1 + (-840 - -878)?
-68
Evaluate (-2114 - -2015) + (-12 - 2 - (1 - -4)).
-118
Evaluate 1 + 36 + (13 - (9 - (30 - 48))).
23
What is the value of -16 - (-13 + -28 + 5) - -19?
39
Evaluate -2 + 1 + -71 + -2 + -1 + -2053 + 2055.
-73
Calculate 10894 + -10878 - (-49 - (-3 + 1)).
63
Evaluate (-4 - -65) + -50 + 87 + -49.
49
What is 5 + (-63 - (109 + -172)) + -79 + 1 + 2?
-71
Calculate -31 + -2 - (-173 + 229 - 184).
95
Evaluate 44 - (-6 + 36) - -10.
24
What is -138 + 39 + 70 + (-2 - -1) + (-7 - -3)?
-34
What is the value of 26 + (-14 + 15 - (85 - 84 - (-11 - 1)))?
14
Evaluate -41 + 50 + ((-8 - -6) + 3 - 10) + 5.
5
What is the value of -26081 + 26091 - (-53 + 0 + 1)?
62
Evaluate (18 + -37 - -14) + 17 + -112 + -17.
-117
What is -82 + (5 - -30) - (-4 + 1 + 10 + -4)?
-50
Evaluate 71 - (6 - (-29 + -7)).
29
What is the value of 27 - (10 - (-20 - -41) - -25)?
13
Calculate -102 + 12 - (-132 - -158 - (-1 + 14)).
-103
What is the value of 1 + 9 - (-34 + -16 - -48 - 4)?
16
What is the value of 156 + -130 + (-73 - -13)?
-34
What is the value of 7 + -2 + (-148 + 111 - (-2 + 4 - 6))?
-28
What is -2 - (-2 + 2 + (-11 - (28 + -7)))?
30
Calculate -38 + -6 - (-7 + 0 - (-682 - -691)).
-28
What is the value of (34 - (-3 + 14) - 13) + 25?
35
What is (-26 - -9) + -43 - -25?
-35
What is 72 + -31 + 4 + (-3 - (2 - 1))?
41
What is the value of -57 + 136 + -50 + 18?
47
What is -474 + 503 - (-3 + 7 + -4)?
29
What is the value of 1 - (-20 + (10 - (-2 + -10 - (-65 - -30))))?
34
5 - (2 + -1) - (-52 - 1 - (409 + -480))
-14
What is the value of (74 - (-43 - -39)) + 23 - -22?
123
What is 128 + -186 - 73 - -104?
-27
What is (-10 - 0) + 0 - (-293 - (-108 + -129))?
46
Evaluate 2 + 1 + 8 + -168 + 44 + 95.
-18
What is the value of 10 + 0 + (-4 - -11 - 9) + -3 + 9?
14
What is (2 + 5 - 2) + -2 + (26 + -50 - -84)?
63
What is (823 - 761) + -10 + -3?
49
Calculate -24 + 2 + (42 - 63).
-43
Evaluate -2742 + 2681 + (1 - -144).
84
Evaluate -18 + 30 + -3 + (-3 - -15) + (180 - 204).
-3
(-161 - -29) + (40 - 0) + 35
-57
What is -11 + (3 - (3 - 1)) + 188 + -178?
0
Calculate 37 + -3 - (500 - 507).
41
What is (-1 - 2) + (0 - (7 + -20 - 9))?
19
Evaluate -21 + (-14 - 12) + 22 + (1 - 3).
-27
-1 + -25 - (998 + -1029) - (-14 + -1)
20
What is (11661 - 11431) + (-1 - 139)?
90
Evaluate 24 + (-19 - (33 + (2 - -20))).
-50
Calculate 1 + -9 - (-203 - -207) - -11 - -51.
50
What is -155 + (3 - 1 - -13 - -21)?
-119
62 + (117 - 106 - ((-2 - -4) + 0 + 11))
60
What is the value of 17 + -116 + 15 - (3 - (8 - 0))?
-79
What is the value of (18 - (41 + 39)) + 113?
51
What is (23 - (33 - (39 + -120))) + 1 + 13?
-77
-9 + 16 + 9 + 0 + -18 + 5
3
What is 12 - 6 - ((8 - 7 - -33) + -4)?
-24
Calculate (12 - 58) + -17 - -19.
-44
Evaluate (-4 - -9) + -5 + (5 - (23 + -2)).
-16
(36 - 4) + (-24 + (-7 - -32) - (2 - 11))
42
What is the value of 1 + -9 - ((-11 - (-43 + (33 - 9))) + -9)?
-7
(-1 - -16) + 51 + (2 - 100)
-32
(5 - -4 - -35) + (-21 - (-31 - 4))
58
What is (-8 - 0) + -7 + 58 + (-4 - 5)?
34
-6 + -42 + 15 + -5 + (-20 - -4)
-54